{"id":7,"date":"2015-12-04T06:31:55","date_gmt":"2015-12-04T05:31:55","guid":{"rendered":"http:\/\/veroniquepirlot.com\/?page_id=7"},"modified":"2018-10-03T22:18:52","modified_gmt":"2018-10-03T21:18:52","slug":"a-propos-de-lartiste","status":"publish","type":"page","link":"https:\/\/veroniquepirlot.com\/index.php\/a-propos-de-lartiste\/","title":{"rendered":"\u00e0 propos de l&rsquo;artiste"},"content":{"rendered":"<p><img loading=\"lazy\" decoding=\"async\" class=\"alignnone size-full wp-image-314\" src=\"https:\/\/veroniquepirlot.com\/wp-content\/uploads\/2015\/12\/a_propos_portrait_atelier.jpg\" alt=\"a_propos_portrait_atelier\" width=\"1200\" height=\"400\" srcset=\"https:\/\/veroniquepirlot.com\/wp-content\/uploads\/2015\/12\/a_propos_portrait_atelier.jpg 1200w, https:\/\/veroniquepirlot.com\/wp-content\/uploads\/2015\/12\/a_propos_portrait_atelier-300x100.jpg 300w, https:\/\/veroniquepirlot.com\/wp-content\/uploads\/2015\/12\/a_propos_portrait_atelier-1024x341.jpg 1024w\" sizes=\"auto, (max-width: 1200px) 100vw, 1200px\" \/><\/p>\n<p style=\"padding-left: 60px;\">Apr\u00e8s un parcours de cr\u00e9ation dans la danse contemporaine, je trouve dans la sculpture l\u2019\u00e9lan du mouvement et la mati\u00e8re qui inspiraient mon travail chor\u00e9graphique.<\/p>\n<p style=\"padding-left: 60px;\">De cette recherche est n\u00e9e le d\u00e9sir de transposer sur toile cet univers. Chaque tableau m\u2019entraine dans un voyage\u00a0 que je poursuis comme un conte \u00e0 travers le langage des formes\u00a0 et des couleurs.<\/p>\n<p style=\"padding-left: 60px;\">Des \u0153uvres ou l\u2019imaginaire s\u2019impr\u00e8gne du fantastique, ou le jeu de la composition engendre des chim\u00e8res.<\/p>\n<p style=\"padding-left: 60px;\">Comme dans la danse, je continue \u00e0 tisser le fil po\u00e9tique de la cr\u00e9ation.<\/p>\n<p style=\"padding-left: 60px;\">Les peintures se construisent et s\u2019habillent de collages, de gouaches et de pastels.<\/p>\n<p style=\"padding-left: 60px;\">De l\u2019inspiration \u00e0 la forme.<\/p>\n<p><a href=\"https:\/\/veroniquepirlot.com\/wp-content\/uploads\/2015\/12\/a_propos_travail2.jpg\"><img loading=\"lazy\" decoding=\"async\" class=\"alignnone wp-image-446 size-full\" src=\"https:\/\/veroniquepirlot.com\/wp-content\/uploads\/2015\/12\/a_propos_travail2.jpg\" alt=\"\" width=\"1200\" height=\"401\" srcset=\"https:\/\/veroniquepirlot.com\/wp-content\/uploads\/2015\/12\/a_propos_travail2.jpg 1200w, https:\/\/veroniquepirlot.com\/wp-content\/uploads\/2015\/12\/a_propos_travail2-300x100.jpg 300w, https:\/\/veroniquepirlot.com\/wp-content\/uploads\/2015\/12\/a_propos_travail2-1024x342.jpg 1024w\" sizes=\"auto, (max-width: 1200px) 100vw, 1200px\" \/><\/a><\/p>\n","protected":false},"excerpt":{"rendered":"<p>Apr\u00e8s un parcours de cr\u00e9ation dans la danse contemporaine, je trouve dans la sculpture l\u2019\u00e9lan du mouvement et la mati\u00e8re qui inspiraient mon travail chor\u00e9graphique. De cette recherche est n\u00e9e le d\u00e9sir de transposer sur toile cet univers. Chaque tableau m\u2019entraine dans un voyage\u00a0 que je poursuis comme un conte&#8230;<\/p>\n","protected":false},"author":1,"featured_media":0,"parent":0,"menu_order":0,"comment_status":"closed","ping_status":"closed","template":"page_blank.php","meta":{"footnotes":""},"class_list":["post-7","page","type-page","status-publish","hentry"],"_links":{"self":[{"href":"https:\/\/veroniquepirlot.com\/index.php\/wp-json\/wp\/v2\/pages\/7","targetHints":{"allow":["GET"]}}],"collection":[{"href":"https:\/\/veroniquepirlot.com\/index.php\/wp-json\/wp\/v2\/pages"}],"about":[{"href":"https:\/\/veroniquepirlot.com\/index.php\/wp-json\/wp\/v2\/types\/page"}],"author":[{"embeddable":true,"href":"https:\/\/veroniquepirlot.com\/index.php\/wp-json\/wp\/v2\/users\/1"}],"replies":[{"embeddable":true,"href":"https:\/\/veroniquepirlot.com\/index.php\/wp-json\/wp\/v2\/comments?post=7"}],"version-history":[{"count":50,"href":"https:\/\/veroniquepirlot.com\/index.php\/wp-json\/wp\/v2\/pages\/7\/revisions"}],"predecessor-version":[{"id":447,"href":"https:\/\/veroniquepirlot.com\/index.php\/wp-json\/wp\/v2\/pages\/7\/revisions\/447"}],"wp:attachment":[{"href":"https:\/\/veroniquepirlot.com\/index.php\/wp-json\/wp\/v2\/media?parent=7"}],"curies":[{"name":"wp","href":"https:\/\/api.w.org\/{rel}","templated":true}]}}